c) = 193*c**3 - c**2 + 1. Let g be d(1). Suppose 2*h - i = -4*r, 5*r = -3*h - 27 + g. What is the units digit of r?
5
Let k be (-24)/(1*-1) - (-35 - -33). Suppose 18 = 2*l - k. What is the units digit of l?
2
Let p(a) = -28*a**3 - 2*a**2 + 3*a + 19. What is the units digit of p(-4)?
7
Suppose 0 = b + 4*c + c, -5*b + 27 = -2*c. Suppose b*n = -30 - 50. What is the tens digit of (22/(-8))/(2/n)?
2
Let g = -10 + 14. Suppose 0 = -5*z + g*z + 1. Let q(r) = 3*r**3 - 1. What is the units digit of q(z)?
2
Let g = 1867 + 3413. Suppose -19*u + g = 568. What is the hundreds digit of u?
2
What is the thousands digit of (0 + -185)/(87/(-21) - -4)?
1
Let z(i) = 2*i**2 - 5*i + 2. Let y be z(2). Suppose 4*c - 2*x - 38 = y, 2*x = 6*c - c - 47. Suppose 60 = c*s - 4*s. What is the units digit of s?
2
Suppose j - l = 0, j - 4*l + 6 = -0. What is the units digit of j/(-3)*2*171/(-6)?
8
Suppose -12*t + 10*t + 4 = 0. Suppose z = 3*y + 34, -t*y + 59 = -5*y - 4*z. Let o = 2 - y. What is the tens digit of o?
1
What is the thousands digit of (-2)/(-1) + (35350/(-5))/(-7)?
1
Let z = 11 - 20. Let c be (4 + -3)/((-1)/z). What is the tens digit of (c - 5)*90/8?
4
Suppose 25665 = 45*z + 1365. What is the tens digit of z?
4
Suppose 3*d - 3*u - 381 = -0*d, -4*d + 5*u = -510. Suppose 2*l + 0 = 10, 3*l = -2*g + d. What is the tens digit of g?
5
Let t(o) = 4*o**3 + o**2 - o + 1. Let q be t(1). Let h be (3/q)/((-1)/(-5)). Suppose 4*x + 47 = 8*x + 3*i, -2*x = -h*i - 19. What is the tens digit of x?
1
Suppose -3375 = -11*h - 4*h. What is the hundreds digit of h?
2
Let p(n) = 2*n**2 - 12*n - 5. Let w = 29 + -20. Let l be p(w). Suppose -4*s - 4*i + 5*i = -l, -2*s = i - 29. What is the tens digit of s?
1
Let c(b) = -2*b**2 - 21*b + 38. Let j be c(-12). What is the hundreds digit of (5 - 2) + (-2)/j + 268?
2
Let p be (-54)/3 + 2 + -2. Let z = p + 21. Suppose z*t + q = 2*q + 185, 4*t = -5*q + 215. What is the tens digit of t?
6
Suppose r + 4*k = 2*r - 12, -r + 12 = -k. Let t(d) = d**2 + 2. Let a be t(2). Let h = a + r. What is the tens digit of h?
1
Suppose 3*i - 12 = 5*i. Let j be ((-4)/(-3))/((-2)/i). Suppose -j*p + 102 = -42. What is the tens digit of p?
3
Let r(o) = -2*o**3 + 7*o**2 + o - 8. What is the units digit of r(-5)?
2
Suppose 3*j = 0, -3064 = -11*g + 7*g - 3*j. What is the units digit of g?
6
Suppose -4*p + 3*z + 2809 = 84, -3*p = -3*z - 2040. What is the tens digit of p?
8
Let b = 20 - 18. Suppose 2*f + 2 = 5*c - c, -2 = -b*f. Let t(u) = 45*u**3 + 2*u**2 - 2*u. What is the tens digit of t(c)?
4
Let h(p) = p**3 - 4*p**2 - 2*p - 12. Let f be h(5). Suppose 0*x - 42 = -f*x. What is the units digit of x?
4
Let k = 368 + -56. What is the tens digit of k?
1
Let v(y) = -11 + 15 - 13 + y**2. What is the units digit of v(-8)?
5
Let i(z) = -2*z - 10. Let f(o) = o - 15 + 4 - 4*o. Let p(s) = 3*f(s) - 4*i(s). What is the tens digit of p(-7)?
1
Let s(z) = -z**3 + 7*z**2 + 5*z - 10. Let g be s(5). Let k = -29 + g. What is the units digit of k?
6
Suppose -116 = -2*q + 4*z + 10638, -5*q - 4*z = -26843. What is the thousands digit of q?
5
Suppose 32*l = 29*l - 345. Let f = l + 167. What is the units digit of f?
2
Let n(x) = 2*x**2 + 35*x + 18. What is the hundreds digit of n(-23)?
2
Suppose z = -j + 536, -24*j + 2650 = 5*z - 25*j. What is the hundreds digit of z?
5
Let z = -1633 - -2864. What is the hundreds digit of z?
2
Suppose 5*i = 4*x + 8 + 18, -2*i + x + 8 = 0. Suppose 5*c - s - 4*s - 165 = 0, i*c - 36 = -4*s. Suppose -k = -0*k - c. What is the units digit of k?
8
Let g be 36/42*(20/2 + -3). Let z(v) = 4*v**3 - 19*v**2 - 2*v + 5. What is the tens digit of z(g)?
7
Let v = -11 - -13. Let n be (-47)/4 + v/(-8). What is the units digit of 22*4*n/(-32)?
3
Let v(s) = 364*s - 231. What is the thousands digit of v(9)?
3
Let i(d) = -62*d - 7. Let u be i(2). Let m = u - -322. What is the hundreds digit of m?
1
Suppose -2618 = -3*w + 3*f - 14, w + 2*f = 853. What is the hundreds digit of w?
8
Suppose -4*m - m + 27 = a, a - 22 = -4*m. Suppose -53 = -2*y + y + 2*d, 2*d = a. What is the units digit of y?
5
Suppose o + 554 - 77 = 0. Let l = 702 + o. What is the hundreds digit of l?
2
Let j(x) = x**2 - 11*x - 1. Let b be j(8). Let r be ((-35)/2)/((-2)/(-4)). Let s = b - r. What is the tens digit of s?
1
Let a(w) = 2*w**2 + 37*w + 18. Let f be a(-18). Let d(b) = b**2 + 2*b + 46. What is the tens digit of d(f)?
4
Suppose 0*q = -q + 75. Let f = 131 - q. What is the tens digit of f?
5
What is the units digit of (-15)/(-25) + 0 - 22281/(-15)?
6
Suppose -4*u - 25 = -301. Let g = 89 + u. What is the units digit of g?
8
Let f(t) = 17*t**2 + 43*t - 1. What is the hundreds digit of f(6)?
8
Let u(x) = -x**3 + 11*x**2 + 8*x - 9. Let y be u(9). Suppose 4*w = -w + y. What is the units digit of w?
5
Suppose 0 + 6 = -2*j, -3*j = 2*p + 9. Suppose -46 = 5*o - 5*i - 131, p = 4*i - 16. What is the tens digit of o?
2
Let x = -4 + 5. Let r(t) = 6*t**3 - t + 1. Let m be r(x). What is the units digit of (-61)/(-2) + m/12?
1
Let h = 43 - 42. What is the units digit of h/(((-44)/(-224))/11)?
6
Let q be -10*5/(10/4). Let i = -2 - q. Suppose 3*y = -0*y - 3*k + 30, 3*k + i = y. What is the tens digit of y?
1
Let d = -2709 + 6038. What is the units digit of d?
9
Suppose -2*s + 116 = -s. Let c be (-4 - s/(-14))*14. Suppose -l = l - c. What is the units digit of l?
0
Let z = -847 + 1838. What is the tens digit of z?
9
Suppose -28 - 16 = -2*r. Suppose -w = -0*w - r. Suppose -74 = -4*t + w. What is the units digit of t?
4
What is the hundreds digit of ((-14527)/(-146))/(2/20)?
9
Let s be 13/(((-6)/(-477))/2). Suppose 0 = -5*b + s - 702. Suppose -4*f + b = 1. What is the tens digit of f?
6
Let z be 6/(-10) - (-78)/30. Suppose 0 = 17*u - 18*u + 5. Suppose 2*b - 72 = 2*t, -u*b + z*t - t = -168. What is the tens digit of b?
3
Let u(l) = -l**3 - 3*l**2 + 18*l - 3. What is the tens digit of u(-8)?
7
Let s = 929 + -428. What is the units digit of s?
1
Let i(y) = 32*y**2 + 50*y - 17. What is the tens digit of i(-7)?
0
Let x(c) be the first derivative of -9*c**2/2 - 9*c - 468. Suppose 0 = -5*s - 4*b - 15 - 40, 5*b = -3*s - 46. What is the units digit of x(s)?
4
Let l(j) = -5*j**2 + 13*j**3 + j - 10*j**3 - 7 + 0*j**2 + 2*j**2. What is the hundreds digit of l(4)?
1
Let n be (1 - 0)/(1/4). Suppose 16 = 2*h + 2*a, 5*h - n*a + a = 0. Suppose g = -2*x + h, -4*g + 20 - 1 = x. What is the units digit of g?
5
Let v = 26 - 24. Suppose 5*r - v*r - 210 = 0. What is the tens digit of r?
7
Let o be 0/10 - (-159)/(-2)*2. Let a = -44 - o. What is the tens digit of a?
1
What is the tens digit of 4787/3 + 58/(-87)?
9
Suppose -4*l + 350 = l. Suppose 0 = -3*o - 16 - 77. Let b = o + l. What is the units digit of b?
9
Suppose 74*t + 3*t - 38115 = 0. What is the hundreds digit of t?
4
Let j(l) = 1163*l**3 - 3*l**2 + 2*l. What is the thousands digit of j(1)?
1
Let u be (-2 - 16/(-3)) + 16/(-48). Suppose -u*t = -8*t + 1315. What is the tens digit of t?
6
Let a(l) = l**3 - 8*l**2 + 3*l - 2. Let c be a(8). Let w = c + 6. What is the tens digit of w?
2
Suppose -p - 4*k + 107 = 0, p + k = 3*p - 232. Let v = p - 57. What is the units digit of v?
8
Let o(p) = 127*p**2 + 31*p - 68. What is the hundreds digit of o(2)?
5
Let b(x) = -3*x + 17. Let m be b(5). Suppose 4*d - l = -0*l + 183, m*d - 4*l = 88. What is the tens digit of d?
4
Let v = 494 - 184. Suppose 950 - v = 4*y. Suppose -5*q - 5*t + y = 0, 59 = -q + 3*q - 3*t. What is the units digit of q?
1
Let x(q) = -9*q**2 + 15*q - 10. Let m(w) = 4*w**2 - 7*w + 5. Let g(c) = 7*m(c) + 3*x(c). What is the units digit of g(2)?
1
Let q = -125 + 218. Let a = q - 56. What is the units digit of a?
7
Suppose 4*f - 25*r - 24536 = -22*r, -r = -3*f + 18402. What is the thousands digit of f?
6
Let p be 12/(-2)*(-12)/(-9). Let h(c) = -c**2 + 5. Let r be h(p). Let s = -29 - r. What is the tens digit of s?
3
Let h be (35 + -13)*2/(-4). Let g(i) = -i**3 - 9*i**2 + 14*i + 15. What is the tens digit of g(h)?
0
Suppose 0 = 22*h - 21139 - 7175. What is the units digit of h?
7
Suppose -539 = -2*a + 417. What is the tens digit of a?
7
Let a(b) be the first derivative of -17*b**2 - 7*b - 19. What is the units digit of a(-3)?
5
Let f = 761 + -293. Let k = f - 309. What is the units digit of k?
9
Let z(k) = 33*k - 46. What is the hundreds digit of z